j + 73. Let x be w(-11). Suppose -3*c + x = -1084. What are the prime factors of c?
5, 83
Let s = 65 + -62. Let l(y) = 12 - 147*y**s + 0*y**2 + 8*y**2 - 3*y + 148*y**3. What are the prime factors of l(-7)?
2, 41
Let q(k) = k**3 + 21*k**2 + 29*k + 57. Let a = -110 + 91. List the prime factors of q(a).
2, 3, 19
Let f = 6971 + -1792. List the prime factors of f.
5179
Let n(v) = -8*v**3 + v**2 + 2*v - 1. Let f be n(3). Let o = 202 - f. What are the prime factors of o?
2, 101
Suppose 5*z = 149 - 24. Suppose 120 = z*c - 21*c. Suppose 3*n + c - 75 = 0. What are the prime factors of n?
3, 5
Suppose 2*p = 3*a + 11731 + 38618, 2*p + 5*a - 50293 = 0. List the prime factors of p.
2, 3, 233
Suppose -3*q - 38 = -5*m - 2*q, q - 18 = -3*m. Let c be ((-1215)/75 + 14)/((-1)/25). Let i = c - m. What are the prime factors of i?
2, 3
Suppose -88*f = -5955511 + 1660583. What are the prime factors of f?
2, 23, 1061
List the prime factors of 4/(-20) - (-3 - 144696/5).
2, 29, 499
Let t(a) = -17 + 405*a + 64*a + 480*a. What are the prime factors of t(1)?
2, 233
Let d = -30 + 43. Suppose 0 = -18*j + d*j + 500. List the prime factors of j.
2, 5
Let t(q) = -12*q**3 - 2*q**2 - q + 3. Let f be t(1). List the prime factors of (-5)/(20/f) + 1 + 359.
3, 11
Suppose l + 8776 = 3*v, -3*l + 5*l - 4 = 0. List the prime factors of v.
2, 7, 11, 19
What are the prime factors of 4/(8/(-254))*(-1)/(1/30)?
2, 3, 5, 127
Let t = 499 - 702. Let o(m) = -67*m + 315. Let w be o(6). Let c = w - t. List the prime factors of c.
2, 29
Let q = -110 - -113. Suppose 5*y - q*t = 178, -y + 20 = -5*t - 20. List the prime factors of y.
5, 7
List the prime factors of 177*20/(-24)*-78.
3, 5, 13, 59
Let t = -23083 + 34969. What are the prime factors of t?
2, 3, 7, 283
Let r(s) = -7 + 20 + 174*s**2 + 15*s - 9 + 23 + 64*s**2. List the prime factors of r(-2).
13, 73
Suppose -25*a + 2*d = -28*a + 36551, -a - 5*d + 12162 = 0. What are the prime factors of a?
7, 1741
Suppose -5*r + 20 = 0, 1883 + 63041 = 4*g - 4*r. What are the prime factors of g?
5, 17, 191
What are the prime factors of 171379/26 + 30/12?
2, 3, 7, 157
Suppose -59*b + 715 = -64*b. Let o = b + 378. What are the prime factors of o?
5, 47
What are the prime factors of (1 - 1572)*(-47)/(94/8)?
2, 1571
Let s(z) = 184*z**3 + 6*z**2 - 10*z - 25. What are the prime factors of s(6)?
5, 11, 29
Let k be 0 - ((-1)/(-3) - 112/12). Let t(h) = -h**2 + 8*h + 8. Let b be t(k). List the prime factors of b - 118/(-1) - -2.
7, 17
Let c be -1 - (-15)/3 - 5. Let p(u) = 22*u**2 + u + 1. Let h be p(c). What are the prime factors of 1800/h - (-10)/55?
2, 41
Suppose 3*c = i + 3601, 0 = -20*i + 18*i - 3*c - 7229. What are the prime factors of (i/(-7) - -3) + (-12)/(-42)?
3, 173
Let u = 143 + -141. Suppose 0 = -5*o + 4*x - 2*x + 1642, 4*o + u*x - 1328 = 0. What are the prime factors of o?
2, 3, 5, 11
Let o(g) = 2*g**3 - 24*g**2 - 38*g - 42. List the prime factors of o(19).
2, 3, 5, 11, 13
Let v(p) = 3*p**3 - 12*p**2 - 40*p + 28. Let n(j) = -4*j**3 + 11*j**2 + 40*j - 28. Let i(c) = 2*n(c) + 3*v(c). List the prime factors of i(17).
5, 43
Suppose -2770*f = -2838*f + 472056. What are the prime factors of f?
2, 3, 13, 89
Suppose -15 = -4*z - k - 222, -5*z - 245 = 4*k. Let x = z - -298. List the prime factors of x.
5, 7
Let f = 5063 - -66532. What are the prime factors of f?
3, 5, 37, 43
Suppose 273*y = 229*y + 291456. List the prime factors of y.
2, 3, 23
Suppose 15*l + 37*l - 44783 = 73205. List the prime factors of l.
2269
Suppose -2*l - 15549 = -3*m, -m + 3754 = -5*l - 1429. What are the prime factors of m?
71, 73
Let a(m) = 3*m**3 + 4*m**2 - 4*m - 3. Let r be (5 + 7)/3 - -4 - 3. List the prime factors of a(r).
2, 113
Suppose 60 = 32*f - 12*f. Suppose 2*r + f*x = 8*x + 2172, -5*r + 3*x = -5449. List the prime factors of r.
1091
Let z = -6542 - -6554. Let u = 3 + -4. What are the prime factors of 4/u*(-159)/z?
53
Let x(c) = -1487*c - 476. What are the prime factors of x(-3)?
5, 797
Let u = -3237 - -6723. Suppose 11*n + u = 13045. What are the prime factors of n?
11, 79
What are the prime factors of (714/(-9) + 2)*10/((-220)/2409)?
2, 29, 73
Suppose 35*b + 12852 - 111482 = 0. What are the prime factors of b?
2, 1409
Suppose 5*p = -4*q + 24685, -464*p - 4*q = -466*p + 9846. What are the prime factors of p?
4933
Let x(y) = -71*y**2 + 4*y + 2. Let q(t) = t**2. Let w = -82 + 81. Let c(g) = w*x(g) - 5*q(g). List the prime factors of c(-1).
2, 17
Suppose 3*m - 3*z = -84 + 30, 3*z + 16 = -2*m. Let u = m - -55. Suppose -7*k + 29 = -u. List the prime factors of k.
2, 5
Suppose 2*y = -2 - 84. Let t = 42 + y. List the prime factors of 8/t*(-11)/4.
2, 11
Let w be (0 - -7) + 93/(-31). Suppose 5*r - 2*p - 7164 = -2633, -w*r - 4*p + 3636 = 0. List the prime factors of r.
907
Let u(i) = -3368*i + 5063. What are the prime factors of u(-11)?
3, 4679
Suppose -4*b - 112 = 2*c + 506, 0 = -3*b + 5*c - 444. Let s = b + 201. What are the prime factors of s?
2, 3
Let n(w) = 10*w + 11. Let p(s) = -s - 1. Let o(l) = 2*n(l) + 6*p(l). Let z be o(-12). What are the prime factors of (z/5)/(20/(-50))?
2, 19
Let z be 28/3 - (-66)/99. Suppose -z*v + 2004 = -6*v. What are the prime factors of v?
3, 167
Suppose -16*h - 83 = -3. What are the prime factors of h/(-35) + -1362*6/(-28)?
2, 73
Suppose 0 = -5*y - 3*q + 13110, -4*y + 131*q - 129*q = -10466. List the prime factors of y.
3, 97
Let p be 361/(1 - 0/3). Suppose -53*x + 99*x = 50*x. Suppose x = 2*k - p - 63. List the prime factors of k.
2, 53
Let y = 102 - 247. Let w = y + 180. What are the prime factors of w?
5, 7
Let h(f) be the third derivative of 0*f + 14 - 2*f**2 + 1/120*f**6 - 11/60*f**5 - 4*f**3 + 13/24*f**4. List the prime factors of h(10).
2, 3
Let w be (-5)/75*-5*18. What are the prime factors of 596/w - ((-100)/15 + 5)?
101
Suppose 0 = -4*v + 2*v - 2, -3*c = -v - 10261. Suppose c = 3*b + 3*b. List the prime factors of b.
2, 3, 5, 19
List the prime factors of 6*(-3274897)/(-1026) + 22/(-9) + 2.
11, 1741
Suppose 5*l - 4*c - 84 = 0, c - 24 = 4*l - 5*l. Let r(b) = -13*b - 50. Let s(x) = x + 1. Let z(d) = -r(d) - 3*s(d). What are the prime factors of z(l)?
13, 19
Let k(c) = c**2 - 90*c**3 + 43*c**3 + 48*c**3. Let b(q) = 52*q**3 - 2*q**2 - 1. Let u(r) = b(r) + 2*k(r). List the prime factors of u(1).
53
Let j = -574 + 910. Suppose 11*x = 511 + j. What are the prime factors of x?
7, 11
Let a(h) = -2*h**3 + 2*h**2 + h. Let p be a(-1). Suppose 144*m - 210 = 74*m. Suppose -i + p*z = 4*z - 32, 32 = i + m*z. What are the prime factors of i?
2
Let c(h) = 4*h - 10*h + 4*h + 6*h - 8. Let p be c(3). Suppose 0 = -2*q - 4*r + r + 165, p*q = 3*r + 375. What are the prime factors of q?
2, 3, 5
Let d = 90957 + -47664. What are the prime factors of d?
3, 14431
Let d be (135/(-60))/(9/(-3156)). What are the prime factors of d + -2 + -18 + 25?
2, 397
Let v(r) = 840*r - 32. List the prime factors of v(6).
2, 313
Suppose 4*m = 5*z + 244, 9*z - 4*z - 20 = 0. Let o be 14*(-16)/(-224) - (0 + -1). Suppose o*t = 3*t - m. What are the prime factors of t?
2, 3, 11
Suppose -2*s = -2*g - 134440, 67206 = s + 35*g - 34*g. What are the prime factors of s?
67213
Suppose -38*x + 116220 = 38092. What are the prime factors of x?
2, 257
Let i(o) = 136*o**2 - 27*o - 18. What are the prime factors of i(-10)?
2, 3463
Let r(c) = -c + 8. Let a be r(6). Suppose a*s - 2*u = -3*s + 48, -5*s + 5*u + 60 = 0. Suppose s*n + 109 - 1125 = 0. What are the prime factors of n?
127
Let q = -24957 - -41617. What are the prime factors of q?
2, 5, 7, 17
Let x(k) = 1445*k - 4730. What are the prime factors of x(10)?
2, 3, 5
Let j(u) = 215 + 114*u + 37*u - 40*u + 27. What are the prime factors of j(6)?
2, 227
Suppose 2*x - 3*f - 3125 = 0, 83*f - 82*f = 3*x - 4684. List the prime factors of x.
7, 223
What are the prime factors of 18 - 4 - 4275/(-15)?
13, 23
Suppose -188 + 28 = 8*m. Let d be (-3 - 36/m)/((-6)/(-15)). List the prime factors of (-14)/6 - d - (-568)/3.
2, 5, 19
Let c be 3*(4/12 + 2). Suppose -10*i = -c*i + 9. What are the prime factors of 4/i*153/(-6)?
2, 17
Suppose 52298 + 56471 - 21525 = 68*c. List the prime factors of c.
1283
Let s(c) = -21*c + 92. Let u(y) = 11*y - 46. Let n(d) = -6*s(d) - 11*u(d). Let o be n(11). Suppose -8*l - 188 = -o*l. What are the prime factors of l?
2, 47
Suppose -4*k + 